Is 829537 a composite number?
False
Is 2108423 prime?
False
Is 285937 a prime number?
True
Is 18385 a prime number?
False
Is 286661 composite?
True
Is 2411 a composite number?
False
Is 290285 prime?
False
Is 17729 a prime number?
True
Is 215563 a prime number?
True
Is 5557 a prime number?
True
Is 28429 a prime number?
True
Is 3821 composite?
False
Is 6347 composite?
True
Is 1400227 a composite number?
True
Is 189197 a prime number?
False
Is 268067 a composite number?
True
Is 2313851 a composite number?
False
Is 36523 a composite number?
False
Is 1550299 prime?
True
Is 18301 composite?
False
Is 5324353 a prime number?
True
Is 3143 a prime number?
False
Is 117677 a composite number?
True
Is 131413 prime?
True
Is 99761 composite?
False
Is 95611 prime?
False
Is 35911 prime?
True
Is 131935 a prime number?
False
Is 877 a composite number?
False
Is 415691 prime?
True
Is 7811 a prime number?
False
Is 12323 prime?
True
Is 7522 a prime number?
False
Is 32917 a composite number?
False
Is 1186931 a composite number?
False
Is 9235 a composite number?
True
Is 2104997 a composite number?
True
Is 60281 prime?
False
Is 3983 composite?
True
Is 1201303 a prime number?
False
Is 549421 a prime number?
True
Is 9127 a prime number?
True
Is 2267 a composite number?
False
Is 34813 prime?
False
Is 4174 a composite number?
True
Is 671563 composite?
True
Is 312839 prime?
True
Is 2255867 a prime number?
True
Is 121033 composite?
True
Is 17021 a prime number?
True
Is 27233 a prime number?
False
Is 407887 a composite number?
True
Is 244333 a composite number?
False
Is 54959 a prime number?
True
Is 1043 a prime number?
False
Is 175403 a composite number?
False
Is 118865 prime?
False
Is 41219 a prime number?
False
Is 223 composite?
False
Is 15434 a composite number?
True
Is 15529 composite?
True
Is 293467 composite?
False
Is 16271 a prime number?
False
Is 110021 prime?
False
Is 120467 prime?
False
Is 39341 a prime number?
True
Is 2364073 prime?
False
Is 58199 a prime number?
True
Is 7499 prime?
True
Is 438809 composite?
True
Is 1171747 composite?
False
Is 23369 prime?
True
Is 34057 a composite number?
False
Is 333269 composite?
False
Is 106907 a prime number?
True
Is 1173565 composite?
True
Is 317605 a prime number?
False
Is 254 a prime number?
False
Is 44249 a prime number?
True
Is 18041 composite?
False
Is 124759 composite?
False
Is 62549 a prime number?
True
Is 1090097 composite?
False
Is 1559 a composite number?
False
Is 48381 prime?
False
Is 31087 prime?
False
Is 43437 a prime number?
False
Is 223 a prime number?
True
Is 914 prime?
False
Is 25514 a composite number?
True
Is 5639 a prime number?
True
Is 39617 a prime number?
False
Is 8197 a composite number?
True
Is 1973 a prime number?
True
Is 412603 prime?
True
Is 170071 composite?
True
Is 192965 a prime number?
False
Is 1411405 composite?
True
Is 70639 prime?
True
Is 33403 composite?
False
Is 61727 a composite number?
True
Is 6131 prime?
True
Is 41365 prime?
False
Is 5779 a composite number?
False
Is 11507 a prime number?
False
Is 6609 composite?
True
Is 76943 a prime number?
True
Is 178361 a prime number?
True
Is 481 prime?
False
Is 491 a composite number?
False
Is 1529573 prime?
True
Is 1204881 a composite number?
True
Is 355919 a prime number?
False
Is 112289 prime?
True
Is 685 composite?
True
Is 5479 a composite number?
False
Is 10797109 a prime number?
True
Is 473 a prime number?
False
Is 162349 composite?
True
Is 751801 a prime number?
False
Is 22613 a composite number?
False
Is 304193 a prime number?
True
Is 37459 a composite number?
True
Is 29338 composite?
True
Is 5581 a prime number?
True
Is 34273 a composite number?
False
Is 44753 composite?
False
Is 107309 a prime number?
True
Is 18593 composite?
False
Is 35687 a composite number?
True
Is 266335 composite?
True
Is 893183 composite?
False
Is 33169 a prime number?
False
Is 1151 a prime number?
True
Is 2474 composite?
True
Is 115183 composite?
False
Is 721498 prime?
False
Is 8735 prime?
False
Is 672311 a prime number?
True
Is 24841 composite?
False
Is 18933 a prime number?
False
Is 662 prime?
False
Is 62659 a composite number?
False
Is 8263 a prime number?
True
Is 22921 a composite number?
False
Is 456809 prime?
True
Is 289 a prime number?
False
Is 146947 composite?
True
Is 1026391 a prime number?
True
Is 3903 a prime number?
False
Is 622739 composite?
True
Is 16529 prime?
True
Is 144947 a composite number?
True
Is 2069315 composite?
True
Is 10805 a prime number?
False
Is 3206837 composite?
False
Is 176081 a composite number?
False
Is 3975499 a composite number?
True
Is 4566671 prime?
True
Is 21559 prime?
True
Is 254481 composite?
True
Is 341 a composite number?
True
Is 1049669 prime?
False
Is 598777 composite?
False
Is 4171 a composite number?
True
Is 56759 a prime number?
False
Is 231729 a composite number?
True
Is 9587 prime?
True
Is 1312918 a composite number?
True
Is 789986 a prime number?
False
Is 29663 a prime number?
True
Is 925233 prime?
False
Is 4333 a composite number?
True
Is 7311 composite?
True
Is 860479 a composite number?
False
Is 432169 prime?
False
Is 51787 composite?
False
Is 24971 a composite number?
False
Is 556873 prime?
False
Is 195443 composite?
False
Is 108181 prime?
False
Is 45641 a prime number?
True
Is 127811 a composite number?
True
Is 6733 composite?
False
Is 5471 prime?
True
Is 60443 composite?
False
Is 1841 prime?
False
Is 115637 a composite number?
False
Is 325987 composite?
False
Is 331541 composite?
True
Is 50647 prime?
True
Is 8209 prime?
True
Is 654343 composite?
False
Is 8791 prime?
False
Is 1396697 a composite number?
False
Is 229583 prime?
True
Is 1487867 a prime number?
True
Is 77743 prime?
True
Is 237619 prime?
True
Is 2939 prime?
True
Is 1925711 a composite number?
False
Is 9127 a composite number?
False
Is 222286 a prime number?
False
Is 67103 composite?
False
Is 5591 a prime number?
True
Is 912581 prime?
True
Is 51941 composite?
False
Is 104498 composite?
True
Is 13553 a prime number?
True
Is 157477 composite?
False
Is 110849 composite?
False
Is 163433 composite?
False
Is 5623 a prime number?
True
Is 37409 a prime number?
True
Is 34413 a composite number?
True
Is 3697 prime?
True
Is 430357 a prime number?
True
Is 1097 a composite number?
False
Is 7151 a prime number?
True
Is 26801 composite?
False
Is 484361 a composite number?
False
Is 44069 prime?
False
Is 2203 prime?
True
Is 79607 a composite number?
True
Is 485567 a composite number?
False
Is 82183 a prime number?
True
Is 9005 a composite number?
True
Is 6197 a prime number?
True
Is 5383 prime?
False
Is 3071 a prime number?
False
Is 255239 prime?
True
Is 1853521 prime?
False
Is 148027 composite?
True
Is 230119 a prime number?
False
Is 80329 composite?
False
Is 137393 composite?
False
Is 8521 composite?
False
Is 1309501 prime?
True
Is 72389 a prime number?
False
Is 38821 a prime number?
True
Is 9839 a composite number?
False
Is 1003 a prime number?
False
Is 9007 composite?
False
Is 53467 a prime number?
False
Is 13271 a composite number?
True
Is 6353 a composite number?
False
Is 111985 prime?
False
Is 89959 a prime number?
True
Is 95857 a prime number?
True
Is 1865635 a composite number?
True
Is 9101 a prime number?
False
Is 23413 composite?
True
Is 365881 composite?
True
Is 3907 prime?
True
Is 155443 composite?
False
Is 331757 composite?
True
Is 27631 composite?
False
Is 2149 a composite number?
True
Is 1087 prime?
True
Is 1457 prime?
False
Is 54617 a composite number?
False
Is 2819 prime?
True
Is 6189503 a composite number?
False
Is 73697 a composite number?
True
Is 46619 a composite number?
False
Is 742807 a prime number?
False
Is 54187 prime?
False
Is 68071 a prime number?
True
Is 30781 prime?
True
Is 89629 prime?
False
Is 99283 prime?
False
Is 1829 a prime number?
False
Is 1087 a composite number?
False
Is 28333 composite?
True
Is 388459 a composite number?
False
Is 2753251 a prime number?
False
Is 454343 a composite number?
True
Is 104207 a composite number?
False
Is 69827 a prime number?
True
Is 209579 composite?
False
Is 64031 a composite number?
True
Is 9055 prime?
False
Is 42685 a prime number?
False
Is 866 composite?
True
Is 18301 prime?
True
Is 525029 a prime number?
True
Is 2531 prime?
True
Is 6349 a composite number?
True
Is 189127 prime?
True
I